
What is 2 + -1 + (-9 - (-5 + 4)) + -1?
-8
Calculate 4 + 10 + 2 + -18.
-2
Evaluate -1 + 5 + -3 + (9 - (16 - 13)).
7
Calculate 5 - (3 - -4) - (-5 - (0 + 1)).
4
Evaluate 3 - ((8 - 6) + -5) - (-7 - -3).
10
-9 - (14 - (-8 + 34))
3
Evaluate (1 - (-1 + 1)) + -3 + -98 + 104.
4
Evaluate -3 + 7 + -8 + 7 + -5.
-2
What is the value of -1 - (-3 + 10 + -27 + -9)?
28
-2 + -1 + 8 + 46 + -58
-7
What is -4 + 4 + -23 + 25?
2
What is the value of (-11 - -21) + -8 - (6 + 4)?
-8
What is the value of 20 + -4 - ((-10 - -15) + -1 - -5)?
7
What is -8 + -3 + (-7 - -4) + 15?
1
Evaluate -33 - (-32 + 59 + -82).
22
Evaluate (3 - 4) + 8 + (-21 - -8).
-6
Evaluate 0 + (35 - (16 + 4)).
15
What is the value of -36 - (-22 + (9 - 21))?
-2
What is the value of 27 + -27 + 9 + -17?
-8
(-14 - 0) + (33 - 34 - -9)
-6
What is 21 + -25 - (-4 - 6)?
6
Evaluate -1 - (13 + -22 + (13 - 5) - 8).
8
72 + -95 + -1 + 19
-5
5 - (-6 - -11) - 21 - (18 + -20)
-19
Calculate (-1 - -6) + (4 - -7) - 8.
8
Calculate 1 + 6 - ((-2 - 14) + (-93 - -96)).
20
Evaluate (1 - 2 - (-74 - -87)) + 10.
-4
What is -21 + (-2 - -8 - -5)?
-10
What is 12 + (27 - 25) - 45?
-31
What is 1 + (-5 - (6 - (2 - (5 + -5))))?
-8
Evaluate -25 - -3 - (17 + -13 + -9).
-17
-2 + -4 + 13 + -2 + 9
14
What is the value of -27 + (-7 - (-60 + 34))?
-8
Evaluate 14 - (44 + -5) - -12.
-13
Evaluate 12 - (-3 - -11) - -10 - 2.
12
Calculate 3 + -2 - -2 - (28 - 35).
10
(2 + -14 - 2) + 3
-11
What is the value of 10 + -6 + -11 + -17 - -11?
-13
32 - (19 + (52 - 36))
-3
What is the value of -21 + -43 + 25 + (11 - -6)?
-22
Evaluate -6 - -1 - ((-13 - (-7 + 0)) + 12).
-11
What is -13 + 5 + (4 - 12 - -28) - -3?
15
Evaluate 15 + -21 + 38 + 4.
36
Calculate (3 - (5 - -4)) + 0 + -6 + 7.
-5
Evaluate (-7 + 2 - 5) + (21 - 11).
0
What is -9 + 9 + 11 - 7?
4
Calculate 1 - -6 - (7 + -19 + 26) - 4.
-11
What is the value of (11 - 18) + -12 - -3?
-16
Calculate -1 + 1 + -4 + 11 + -13.
-6
What is the value of -14 + -2 + -447 + 478?
15
Evaluate (-131 - -145) + -8 + (-4 - -2).
4
-36 - (-18 + (-8 - 0))
-10
(5 + -4 - 23) + (6 - 1) + 3
-14
Evaluate -25 + (4 - (12 - -12)) - (-9 + -2).
-34
-13 - (-2 - 2 - -7) - -2
-14
Calculate 18 - (-5 + 20) - (-9 - 7).
19
Calculate 8 + (-11 - -9) - 5.
1
Calculate -14 - (-1 - ((7 - (-7 - -14)) + -2)).
-15
What is -5 + 13 + -12 - (0 + 3 + 0)?
-7
Evaluate -5 + 7 + -3 + -2 + 11 + -11.
-3
What is the value of 8 - -29 - (2 - -58)?
-23
What is the value of (-2 - -5 - 8) + (-42 - -61)?
14
(-66 - -18 - -36) + -2
-14
Evaluate 4 + (-21 - -12) + 19.
14
(11 - (21 + -13)) + (0 - (-1 - 0))
4
Calculate (-19 - (-36 + 19)) + 22.
20
What is (21 - 14 - 16) + -4?
-13
Evaluate 2 + 3 - (14 + (-10 - (-13 - 10))).
-22
4 - (0 - -12 - (-2 + -1 + 5))
-6
Calculate (9 - 16) + 14 + 0.
7
What is -11 + 7 + -12 + 25?
9
(1 - -29 - 19) + 6 - 51
-34
Calculate 4 + -4 + (0 + -10 - -22).
12
What is -7 - (4 - (8 + -2) - 0 - -4)?
-9
What is -5 + (-9 - -3) + (2 - -24)?
15
What is the value of 14 - (-159 + 206 - (13 - -1))?
-19
Evaluate (10 - 4) + -12 + 4.
-2
Calculate -8 + (4 - ((-1 - -1) + 6) - 0).
-10
Calculate (-156 - -160) + (-7 - -5) + 1 + 1.
4
What is -12 - (6 + -5 + -13)?
0
What is the value of 13 + (-17 + 28 - 10 - 2)?
12
Evaluate 3 - -29 - (13 - 14).
33
What is -5 + (0 + 5 - -6) + 12?
18
Evaluate 36 + -3 + -164 + 122.
-9
Calculate 0 - (-12 + 4 + (-2 - 1)) - 6.
5
What is the value of -10 + 4 + (10 - -7)?
11
3 + (-9 - -2) - (18 - 21)
-1
What is -10 - (-9 + (-10 - -14) + 1 + 10)?
-16
What is the value of -3 + (-17 + -5 - -10) - -9?
-6
(10 - 12) + 5 + -9
-6
What is (-45 - -10) + 21 - (-21 + 1)?
6
Evaluate 17 + -1 + 51 + -103 + 40.
4
23 + -4 + -12 + (-1 - (11 + -1))
-4
What is (91 - 90) + -1 + 1?
1
What is the value of (-8 - -15 - 5) + 17?
19
What is the value of 17 + 0 - (-8 + -8 - -12)?
21
What is ((-1 - 8) + 19 + -2 - 10) + 20?
18
What is 3 + -41 + 26 + (4 - 1) + 2?
-7
Calculate -12 + 5 - (5 - (-6 + 9) - 1).
-8
What is the value of 27 + 1 - (1070 - 1057)?
15
Calculate (-32 - -47) + -19 + -1.
-5
What is -11 - (4 + (6 - (0 + 18)))?
-3
What is -11 + 1 + 7 + 11?
8
What is the value of (260 - 271) + (-1 - -23)?
11
Evaluate (-410 - -406) + (11 + (2 - 1) - 2).
6
Evaluate (359 + -342 - (2 - -2)) + 0 + 4.
17
(-22 - (-3 - (18 - 10))) + 31
20
Evaluate 0 - -3 - (6 - (12 + -11 + -1)).
-3
16 + (8 + -10 + 7 - 20)
1
16 - (15 + 7 + -9)
3
(45 - 52) + -1 + 5 + -15
-18
What is 0 + (14 + -5 + -5 - 3)?
1
17 + -10 + -1 + 12 - (10 + -6)
14
Evaluate 1 + 17 + -306 + 290.
2
What is (37 - (-44 + 83)) + (1 - -9)?
8
Calculate -14 + 6 + 6 - (3 + -15).
10
What is the value of (9 + -13 + 5 - 5) + 18?
14
-2 + -4 + 1 + 2 + 31
28
(483 - 509) + 2 + -1 - -4
-21
(-13 + 3 - (22 - 22)) + 25
15
What is -792 + 763 + -1 + 38?
8
What is the value of -9 + (-3 - (19 - 12) - (9 + -2))?
-26
1 - (12 + 0 + -6)
-5
What is the value of 4 + -11 + 0 - -12 - -2?
7
What is the value of (2 - -2) + (-22 - (-4 + 10))?
-24
-5 + (-9 - -21) + (-4 - (7 + -4))
0
What is (13 - -1) + (-25 - (-10 + -21))?
20
What is the value of -10 + 6 + 0 + 7 + -5 + 4?
2
Evaluate -91 + 53 + 50 + (0 - (-5 + -2)).
19
2 + 4 - (-16 - -28) - 6
-12
Evaluate (22 - 33 - 35) + 34.
-12
What is 0 - 10 - ((6 - -9) + -29 + -19)?
23
What is -9 - -1 - (-19 + 11 + 0)?
0
Calculate -2 + 1 + 19 + 0 - (3 + -2).
17
What is 3 + (4 - (3 + 4)) + 17?
17
What is the value of -3 + (0 + -6 - (-3 + 0)) + -5?
-11
What is the value of (2 - (-2 - -4 - 2) - 7) + 8?
3
What is the value of 5 + -9 + 5 + 6 + -3?
4
Calculate 14 + -3 + -18 + 7.
0
What is the value of 5 - (-3 - (23 + -16))?
15
What is (-2 - (-5 - (-12 - -9))) + -16?
-16
(-39 - 2) + 29 + (-12 - 2) + -6
-32
Evaluate (-38 - (-35 - 3)) + (-2 - 16).
-18
35 - 37 - (-10 + -18)
26
What is 0 + -2 + (-2 - (-1 + -12))?
9
What is -4 - (-5 + (-14 - -5) + 4 - -2)?
4
-1 + -20 - (120 - 149)
8
What is the value of 2 + -13 - ((-29 + 8 - -4) + 5)?
1
3 - (18 + -25) - 8
2
43 + (0 - (10 + 13))
20
Evaluate 34 + 4 - (-578 + 650).
-34
Evaluate -5 + (11 - -28 - 22).
12
0 + 26 + 2 - (-1361 - -1367)
22
Evaluate 2 - -26 - (52 - (52 + 5)).
33
-7 - ((-5 + 7 - 8) + 11)
-12
What is the value of (-1 - (8 - -2)) + 17 + -1?
5
What is the value of -12 - (-69 + 81 - (19 + 2))?
-3
Calculate -9 - (36 + -31 - (28 + 0)).
14
What is (-7 - ((20 - 26) + (2 - 2))) + -2?
-3
What is (14 - 1 - 4) + -15 - -2?
-4
5 - (-3 + -4 + (-16 - -2))
26
0 + 5 - (218 + -207)
-6
-5 - (3 + 0 - (-99 - -92))
-15
What is the value of 5 - (28 + (-33 - -16))?
-6
Evaluate 18 - (-10 + 36 + -27).
19
Calculate -5 + 4 + 12 + -17.
-6
Evaluate 5 + -4 - (-157 + 146).
12
What is the value of 27 + (-2 - -4 - (-58 + 37 + 18))?
32
What is the value of (-10 - (29 + -20)) + 17?
-2
Evaluate 22 + (-2 - (14 - 1)) + 0 + 4.
11
Evaluate (26 - 16 - 44) + 52.
18
6 - (-3 - -1 - -7 - -1)
0
28 - (-7 - 1 - (-22 + 1))
15
Evaluate (2 - -2) + (19 + 4 - 19).
8
Evaluate -14 - (-18 - -15 - -7).
-18
Evaluate 0 - 8 - ((-14 - 16) + 29).
-7
What is the value of (0 - ((1 - 1) + -4)) + -2 - 1?
1
Calculate -21 - (12 + -9 + -14).
-10
What is the value of -3 - ((34 - 16) + -35)?
14
What is the value of -12 + (5 - -3 - -3) + -8?
-9
Evaluate 0 + 12 + (-7 - (-5 - -8)).
2
What is the value of 13 + -4 + -2 + -5 - 7?
-5
What is 2 + -1 + -9 - ((20 - 10) + -12)?
-6
Calculate 28 + -58 - (8 - 30).
-8
What is the value of -1 + (18 - 20) - 6?
-9
-56 + (38 - 24 - -19)
-23
Evaluate -16 - -11 - -12 - 9.
-2
What is (46 - 28) + (-5 - -5) + -19?
-1
(-18 - (-27 + 8 - -4)) + 6 + -2
1
Evaluate (15 + -11 + -16 - -12) + (1 - 17).
-16
Calculate -1 + (2 - 16) - (-17 - (3 - 15)).
-10
What is the value of 4 - 1 - (-49 - -75)?
-23
What is the value of -7 - (-1 + 13 - 2 - (3 + 0))?
-14
-47 - (-30 + -7 + 7)
-17
(-14 - -10) + 7 - (-34 - (0 - 8))
29
Calculate (-6 - -13) + -13 + (-1 - (-2 + -3)).
-2
Evaluate (-6 - (-4 - 8 - 3)) + 3 + -8.
4
Calculate 0 + (2 - 1) + 0 - (7 + -12).
6
What is 5 - (9 - (-16 + 33))?
13
What is 8 + -10 + -12 + 22?
8
What is the value of -3 - (-12 + 12 + -2 + -4)?
3
Evaluate 17 - 25 - (2 + -2 + -10) - 5.
-3
Evaluate -9 + 24 - 24 - -18.
9
What is the value of -12 - -4 - (27 + -33) - -20?
18
What is 2 + -24 - -54 - 35?
-3
What is (10 - -1 - 3) + 1 + -3?
6
Calculate 16 + (-2 - (6 + (-1 - -3) + -11)).
17
What is 1 - (0 - (-15 - -7))?
-7
What is 1 + (2 - -11) + 5 + 42 + -51?
10
What is 2 - (-5 - (-31 - -17))?
-7
What is the value of -26 + (-9 - (9 + -12